k. What is the tens digit of q?
3
Let o be 85/30 + (-1)/(-6). Let k be 4/(-6)*o*1. What is the units digit of ((-4)/k)/(2/20)?
0
Suppose -6*t + 15309 = 21*t. What is the tens digit of t?
6
Let o be -79*(-2 + 1) + 3. Suppose 4*t = o + 22. What is the units digit of t/4 - (-5)/10?
7
Suppose 5325 = 16*t - 2403. What is the tens digit of t?
8
Let n = -74 - -320. Suppose -2*g + n = -0*g. Let w = g + -86. What is the tens digit of w?
3
Suppose -4*t + 36 = -2*o, -2*t - 2*t - 2*o + 20 = 0. Let j(a) = 2*a**2 - 11*a + 8. Let l be j(t). Let p = -18 + l. What is the tens digit of p?
1
Suppose 0 = 30*o + 13492 - 43672. What is the tens digit of o?
0
Let y be (3 - 1)/((-2)/(-4)). Suppose 26 = 5*x + 3*c, -c - y*c = -10. Suppose 15 = -d + x*d + m, -3 = -2*d - 3*m. What is the units digit of d?
6
Let t = -3207 - -5929. What is the tens digit of t?
2
Let y(p) = 9*p + 512. What is the hundreds digit of y(0)?
5
Suppose -8*i + 4*h - 959 = -9*i, 0 = -5*i + 2*h + 4817. What is the hundreds digit of i?
9
Suppose -3*m - 6 = 0, 3*d - 254 = -m + 5*m. Let y = d + -16. What is the units digit of y?
6
Let h = -7 - -10. Let j be 1 + (-2 - -3) + h. Suppose -j*m + 16 = -14. What is the units digit of m?
6
Suppose -4*w + 3*w = -3. Suppose -w*h + 4 - 13 = 3*m, -4*m + 24 = -2*h. What is the units digit of (110/15)/((-4)/h)?
1
Let o(d) = 5*d + 518. What is the tens digit of o(-38)?
2
Let u = -8 - -24. Let l = 40 - u. Suppose 0 = -0*d + 3*d - l. What is the units digit of d?
8
Let s(q) = 354*q**3 + 3*q**2 + 3*q - 5. What is the units digit of s(1)?
5
Suppose -459 = -2*i + 5*c + 1323, -2686 = -3*i + c. Suppose -i = k - 8*k. What is the tens digit of k?
2
Let n be (-14)/(-35) + (-603)/(-5). What is the tens digit of n - -8*5/(-10)?
1
Let q be (-306)/4*242/(-33). Suppose -q = -9*h + 321. What is the units digit of h?
8
Let k(j) = 40*j**2 - 68*j - 1. What is the hundreds digit of k(4)?
3
Let s = -5627 + 8526. What is the tens digit of s?
9
Suppose 6*b - 3*y + 9150 = 11*b, -5*y + 9140 = 5*b. What is the units digit of b?
3
Let c be (-2 + 9/3)/(-1). Let o be (-1)/((-1)/(1/c)). What is the units digit of ((-5 - o) + 2)*-10?
0
What is the thousands digit of (-3)/(-2)*(-14 + 1417 + -1)?
2
Let z(b) = -67*b + 240. What is the units digit of z(-5)?
5
Let v(p) = -p**3 + 6*p**2 - p + 11. What is the tens digit of v(-5)?
9
Suppose 9 + 61 = 7*x. What is the tens digit of (-120)/(-48)*(-4)/x*-233?
3
Let y be (22 + -25)/(-1 - 0). Suppose 5*k = -4*n + 83, -n + k + 65 = y*n. What is the tens digit of n?
1
Suppose 0 = -5*j + 5*l - 680, 141 + 376 = -4*j - 5*l. Let c = -36 - j. What is the units digit of c?
7
Let f = 141 - 58. Let r = f + -57. Suppose 4*y + r + 15 = 3*c, -c = -3*y - 22. What is the units digit of c?
7
Suppose 12*p = -892 + 15208. What is the hundreds digit of p?
1
What is the tens digit of (2342/(-2))/((-110)/20 + 5)?
4
Let v = -2263 + 4026. What is the tens digit of v?
6
Suppose -5*t = -c - 10526, 0 = 7*t - 3*t - 4*c - 8408. What is the hundreds digit of t/12 + 3/(-6)?
1
Let h(n) = n + 8. Let x be h(10). Let r = 78 - x. Suppose q = -2*q + r. What is the tens digit of q?
2
Let x(y) = -4*y**2 - y + 6. Let t(f) = 21*f**2 + 4*f - 30. Let k(p) = -2*t(p) - 11*x(p). Let m be k(-4). What is the units digit of (m - 6)/((-2)/(-8))?
2
Suppose 4*t = 5*u + 12675, -3*t + 4424 = u - 5087. What is the thousands digit of t?
3
Let p(o) = -o - 7. Let u = -2 - -10. Suppose -4*w - 52 = -u. What is the units digit of p(w)?
4
Suppose 655 = l + h, -5*h = 4*l - 2294 - 322. What is the units digit of l?
9
Suppose 0 = 4*a + 11 + 9, 0 = -4*z - 2*a + 426. What is the units digit of z?
9
What is the hundreds digit of (-13 - -7)/((-12)/200)?
1
Suppose -b = 5*y + 8, 14 = -4*y - y - 3*b. Let k(a) = -a. Let w(h) = h - 1. Let l(m) = -3*k(m) - 2*w(m). What is the units digit of l(y)?
1
Let n = -81 + 86. Suppose -n*t - 213 = -2*u, u + 2*t + t = 134. What is the tens digit of u?
1
Suppose -5*n + 2744 + 761 = 0. What is the units digit of n?
1
Let f(q) = 892*q**2 + 2*q - 2. What is the tens digit of f(-1)?
8
Let v = 5803 - 3505. What is the thousands digit of v?
2
Let c be 0 - (6/(-4) + 1/2). What is the units digit of c/(156/(-160) + 1)?
0
Suppose -2*f = -f + w - 74, -3*w - 402 = -5*f. Let i be (1*9/(-6))/((-1)/2). Suppose -12 = i*o - f. What is the tens digit of o?
2
Suppose -3*h + 3 = -2*r, 2*r = 2*h - 3*r + 9. Suppose 38 = h*w - 7. Suppose -w + 3 = -2*i. What is the units digit of i?
6
Let p(j) = 23*j**3 - 2*j**2 + 24*j - 78. What is the thousands digit of p(6)?
4
What is the units digit of 6/9*1383 + (-3 - 2)?
7
Let n(g) = 7*g**3 - 6*g**2 - 19*g - 4. Let x(p) = -3*p**3 + 3*p**2 + 9*p + 2. Let c = -6 + 2. Let k(u) = c*n(u) - 9*x(u). What is the units digit of k(-3)?
3
Suppose -4*t = 2*a - 2, -2*t - 2*a = 4 - 0. Suppose 0 = 5*r - 95 - 55. Suppose -r - 36 = -4*d - 2*m, 3*d - 45 = -t*m. What is the units digit of d?
8
Suppose -3*j = -5*y + j + 4922, -3942 = -4*y + j. What is the hundreds digit of y?
9
Let n be (5 - 15)*(-2)/4. Suppose -z - 24 = -n*z. Suppose -2*t = z - 24. What is the units digit of t?
9
Let v(r) = 6*r. Let o(t) = 7*t. Let d(h) = -5*o(h) + 4*v(h). Let q be d(-4). Suppose 34 = 2*w + n - 5*n, -2*w + 2*n = -q. What is the tens digit of w?
2
Let u(a) = -a**2 + a + 6. Let t be 4/(2 + -6)*-2. Suppose 0 = 7*m - t*m. What is the units digit of u(m)?
6
Suppose n + 9 - 12 = 0. Suppose 33*c = 32*c + n. What is the units digit of c?
3
What is the units digit of 21/21 + (1 - -271)?
3
Suppose -62*c - 2352 = -66*c + 4*o, -4*o = -5*c + 2941. What is the tens digit of c?
8
Let s = 414 - -1412. What is the tens digit of s?
2
Suppose -37 + 72 = 5*u. Let p(w) = w**3 - 6*w**2 - 9*w + 17. Let d be p(u). Suppose 0 = 3*b + 5*f - 139 - 7, 3*b - 138 = -d*f. What is the tens digit of b?
4
Let p(r) = -r**3 + 21*r**2 + 55*r - 41. What is the hundreds digit of p(22)?
6
Let o(f) = 5*f**2 - 2*f + 1046. What is the units digit of o(0)?
6
Let l = -338 - -236. Let z = 194 + l. What is the tens digit of z?
9
What is the units digit of -1 + (3299 - (-3)/(-3))?
7
Suppose -5*f + 540 = 5*a, 2*a + 4*f = -a + 322. Let v = -30 + a. What is the units digit of v?
0
Let i = 34 - -74. Let r be -3*-2*(-159)/18. Let y = r + i. What is the units digit of y?
5
Let a = -2 - -13. Let j(d) be the first derivative of -d**4/4 + 4*d**3 - 6*d**2 + 14*d - 13. What is the units digit of j(a)?
3
What is the thousands digit of ((-18)/(-54))/(1/9741)?
3
Let t(z) be the third derivative of z**5/20 + z**4/24 - 2*z**3/3 - 8*z**2. What is the tens digit of t(-5)?
6
Suppose 2*b + 6*r = r - 6, 5*r = -10. Let t be b*-2 + (-12)/(-6). What is the units digit of 5/((-20)/(-144)) + t?
4
Suppose -3*v - 2130 = -8*v - 3*p, -v - 2*p + 419 = 0. Suppose 274 = -d + 3*d + 2*s, 3*s = 3*d - v. What is the hundreds digit of d?
1
Let m(y) = y**2 + 23*y + 39. Let v be m(-10). What is the tens digit of 2/1 - (v - 3)?
9
Let z(u) = -33*u + 39. What is the tens digit of z(-19)?
6
Let b be 9/12 - (-6)/(-8). Suppose s + s - 10 = -5*f, 5*f = b. Suppose -58 = -4*q - h, -s*q + 3*h + 22 = -3*q. What is the tens digit of q?
1
Let x(p) = 55*p - 1. Let j be x(-1). Let i = j + 120. What is the units digit of i?
4
Let b(n) = -29*n + 1. Let o be b(-6). Suppose 8*v + o = 13*v. What is the tens digit of v?
3
Let o = -93 - -263. What is the tens digit of o?
7
Let a be ((2 - -2) + -6)*1. What is the tens digit of (134/a)/(1 + -2)?
6
Suppose l + 3 = 0, -10*l - 15 = 3*t - 5*l. Suppose s + 6*s - 1162 = t. What is the tens digit of s?
6
Let p be 0 + 10/(-5) + -2. Let d = p + 180. Suppose 3*k + d = 7*k. What is the units digit of k?
4
Suppose -27*l + 35*l = 2456. What is the tens digit of l?
0
What is the hundreds digit of (((-960)/25)/8)/(3/(-430))?
6
Let a(r) = 11*r**2 + 20*r - 36. What is the units digit of a(-8)?
8
Let d(m) = -134*m - 18. What is the tens digit of d(-1)?
1
Let x = 168 + -110. Suppose 0 = l - 44 - x. What is the hundreds digit of l?
1
What is the tens digit of ((-2234)/10)/(3/(-45))?
5
Let z = -40 + 46. Let j(c) = -c**3 + 10*c**2 - 16*c + 30. What is the tens digit of j(z)?
7
Let u = 21 + -14. Suppose 3*j + 4*r - 1 + 2 = 0, -5*j + u = -2*r. What is the units digit of j?
1
Suppose -6159 = -5*r + 1381. What is the hundreds digit of r?
5
Let p = 16 - 14. Let j be 3801/27 + p/9. Suppose f + 1 = 